{"id":4,"date":"2016-10-11T13:33:10","date_gmt":"2016-10-11T13:33:10","guid":{"rendered":"http:\/\/therapeutisches-reiten-leipzig.de\/?page_id=4"},"modified":"2017-01-19T14:12:02","modified_gmt":"2017-01-19T14:12:02","slug":"was-ist-therapeutisches-reiten","status":"publish","type":"page","link":"https:\/\/therapeutisches-reiten-leipzig.de\/?page_id=4","title":{"rendered":"Was ist Therapeutisches Reiten?"},"content":{"rendered":"<p><img loading=\"lazy\" decoding=\"async\" class=\"alignnone size-medium wp-image-60\" src=\"http:\/\/therapeutisches-reiten-leipzig.de\/wp-content\/uploads\/2016\/10\/Unbenannt-300x225.png\" alt=\"Definition\" width=\"300\" height=\"225\" srcset=\"https:\/\/therapeutisches-reiten-leipzig.de\/wp-content\/uploads\/2016\/10\/Unbenannt-300x225.png 300w, https:\/\/therapeutisches-reiten-leipzig.de\/wp-content\/uploads\/2016\/10\/Unbenannt.png 750w\" sizes=\"auto, (max-width: 300px) 100vw, 300px\" \/><\/p>\n<p>Was ist therapeutisches Reiten?<\/p>\n<div class=\"page\" title=\"Page 2\">\n<div class=\"section\">\n<div class=\"layoutArea\">\n<div class=\"column\"><\/div>\n<\/div>\n<div class=\"layoutArea\">\n<div class=\"column\">\n<p>Die Arbeit mit dem Pferd sowie das Reiten sprechen den Menschen \u00fcber alle Sinne und ganzheitlich an. Das Thera- peutische Reiten beinhaltet p\u00e4dagogische, psychologische, psychotherapeutische, rehabilitative und sozial-integrative Ma\u00dfnahmen, die \u00fcber das Pferd umgesetzt werden. Es k\u00f6n- nen sowohl k\u00f6rperliche, emotionale, geistige und soziale F\u00e4- higkeiten gef\u00f6rdert werden. Durch die Reittherapie wird das Beziehungsdreieck \u201ePatient-Pferd-Reittherapeut\u201c sowie der konstruktive Umgang miteinander gef\u00f6rdert und die dabei erzielten Lernerfahrungen k\u00f6nnen auf andere Lebensbereiche \u00fcbertragen werden.<\/p>\n<p>Die tragende Rolle im Heilp\u00e4dagogischen Reiten spielt die Beziehung zum Pferd, die reiterlichen F\u00e4higkeiten sind eher nebens\u00e4chlich. Das Ziel der Therapie ist die F\u00f6rderung der pers\u00f6nlichen und sozialen Entwicklung des Kindes oder Ju- gendlichen. Die individuellen Therapieziele werden nicht nur durch das Reiten, auf dem Pferd, welches an der Hand oder an der Longe gef\u00fchrt wird oder durch die Reitspiele erreicht, sondern auch \u00fcber den Kontakt und den Umgang mit dem Pferd sowie das Pflegen des Pferdes, der Arbeit im Stall und der Arbeit in der Gruppe.<\/p>\n<p>Bereiche:<\/p>\n<p>\uf06e Hippotherapie<br \/>\n\uf06eHeilp\u00e4dagogisches Reiten<br \/>\n\uf06eErgotherapeutisches Reiten<br \/>\n\uf06eReiten f\u00fcr Menschen mit Behinderung<br \/>\n\uf06ePferdegest\u00fctzte Psychotherapie<\/p>\n<\/div>\n<\/div>\n<\/div>\n<\/div>\n<p>&nbsp;<\/p>\n","protected":false},"excerpt":{"rendered":"<p>Was ist therapeutisches Reiten? Die Arbeit mit dem Pferd sowie das Reiten sprechen den Menschen \u00fcber alle Sinne und ganzheitlich an. Das Thera- peutische Reiten beinhaltet p\u00e4dagogische, psychologische, psychotherapeutische, rehabilitative und sozial-integrative Ma\u00dfnahmen, die \u00fcber das Pferd umgesetzt werden. Es k\u00f6n- nen sowohl k\u00f6rperliche, emotionale, geistige und soziale F\u00e4- higkeiten gef\u00f6rdert werden. Durch die Reittherapie [&hellip;]<\/p>\n","protected":false},"author":3,"featured_media":0,"parent":0,"menu_order":0,"comment_status":"closed","ping_status":"closed","template":"","meta":{"ocean_post_layout":"","ocean_both_sidebars_style":"","ocean_both_sidebars_content_width":0,"ocean_both_sidebars_sidebars_width":0,"ocean_sidebar":"","ocean_second_sidebar":"","ocean_disable_margins":"enable","ocean_add_body_class":"","ocean_shortcode_before_top_bar":"","ocean_shortcode_after_top_bar":"","ocean_shortcode_before_header":"","ocean_shortcode_after_header":"","ocean_has_shortcode":"","ocean_shortcode_after_title":"","ocean_shortcode_before_footer_widgets":"","ocean_shortcode_after_footer_widgets":"","ocean_shortcode_before_footer_bottom":"","ocean_shortcode_after_footer_bottom":"","ocean_display_top_bar":"default","ocean_display_header":"default","ocean_header_style":"","ocean_center_header_left_menu":"","ocean_custom_header_template":"","ocean_custom_logo":0,"ocean_custom_retina_logo":0,"ocean_custom_logo_max_width":0,"ocean_custom_logo_tablet_max_width":0,"ocean_custom_logo_mobile_max_width":0,"ocean_custom_logo_max_height":0,"ocean_custom_logo_tablet_max_height":0,"ocean_custom_logo_mobile_max_height":0,"ocean_header_custom_menu":"","ocean_menu_typo_font_family":"","ocean_menu_typo_font_subset":"","ocean_menu_typo_font_size":0,"ocean_menu_typo_font_size_tablet":0,"ocean_menu_typo_font_size_mobile":0,"ocean_menu_typo_font_size_unit":"px","ocean_menu_typo_font_weight":"","ocean_menu_typo_font_weight_tablet":"","ocean_menu_typo_font_weight_mobile":"","ocean_menu_typo_transform":"","ocean_menu_typo_transform_tablet":"","ocean_menu_typo_transform_mobile":"","ocean_menu_typo_line_height":0,"ocean_menu_typo_line_height_tablet":0,"ocean_menu_typo_line_height_mobile":0,"ocean_menu_typo_line_height_unit":"","ocean_menu_typo_spacing":0,"ocean_menu_typo_spacing_tablet":0,"ocean_menu_typo_spacing_mobile":0,"ocean_menu_typo_spacing_unit":"","ocean_menu_link_color":"","ocean_menu_link_color_hover":"","ocean_menu_link_color_active":"","ocean_menu_link_background":"","ocean_menu_link_hover_background":"","ocean_menu_link_active_background":"","ocean_menu_social_links_bg":"","ocean_menu_social_hover_links_bg":"","ocean_menu_social_links_color":"","ocean_menu_social_hover_links_color":"","ocean_disable_title":"default","ocean_disable_heading":"default","ocean_post_title":"","ocean_post_subheading":"","ocean_post_title_style":"","ocean_post_title_background_color":"","ocean_post_title_background":0,"ocean_post_title_bg_image_position":"","ocean_post_title_bg_image_attachment":"","ocean_post_title_bg_image_repeat":"","ocean_post_title_bg_image_size":"","ocean_post_title_height":0,"ocean_post_title_bg_overlay":0.5,"ocean_post_title_bg_overlay_color":"","ocean_disable_breadcrumbs":"default","ocean_breadcrumbs_color":"","ocean_breadcrumbs_separator_color":"","ocean_breadcrumbs_links_color":"","ocean_breadcrumbs_links_hover_color":"","ocean_display_footer_widgets":"default","ocean_display_footer_bottom":"default","ocean_custom_footer_template":"","footnotes":""},"class_list":["post-4","page","type-page","status-publish","hentry","entry"],"jetpack_sharing_enabled":true,"_links":{"self":[{"href":"https:\/\/therapeutisches-reiten-leipzig.de\/index.php?rest_route=\/wp\/v2\/pages\/4","targetHints":{"allow":["GET"]}}],"collection":[{"href":"https:\/\/therapeutisches-reiten-leipzig.de\/index.php?rest_route=\/wp\/v2\/pages"}],"about":[{"href":"https:\/\/therapeutisches-reiten-leipzig.de\/index.php?rest_route=\/wp\/v2\/types\/page"}],"author":[{"embeddable":true,"href":"https:\/\/therapeutisches-reiten-leipzig.de\/index.php?rest_route=\/wp\/v2\/users\/3"}],"replies":[{"embeddable":true,"href":"https:\/\/therapeutisches-reiten-leipzig.de\/index.php?rest_route=%2Fwp%2Fv2%2Fcomments&post=4"}],"version-history":[{"count":7,"href":"https:\/\/therapeutisches-reiten-leipzig.de\/index.php?rest_route=\/wp\/v2\/pages\/4\/revisions"}],"predecessor-version":[{"id":76,"href":"https:\/\/therapeutisches-reiten-leipzig.de\/index.php?rest_route=\/wp\/v2\/pages\/4\/revisions\/76"}],"wp:attachment":[{"href":"https:\/\/therapeutisches-reiten-leipzig.de\/index.php?rest_route=%2Fwp%2Fv2%2Fmedia&parent=4"}],"curies":[{"name":"wp","href":"https:\/\/api.w.org\/{rel}","templated":true}]}}